6) - (-1 - -2).
4
What is the value of (1 - 0) + -91 + 96?
6
What is -5 + (2 - 1) + -1 + 7?
2
Evaluate (-10 - -5) + 2 - 2.
-5
Calculate -7 - (-1 + 0 + 0).
-6
Evaluate (18 - 0) + -12 + -13.
-7
What is 7 + -3 + (-1 - 5)?
-2
3 - (4 - (-6 + 9))
2
0 + -5 + 12 - 4 - -2
5
Calculate 2 + 4 + -55 + 53.
4
What is (-6 - -1) + (0 - -10)?
5
Evaluate 4 + (-1 - -2 - 1 - -1).
5
What is the value of (-3 - 2) + -8 + 7 + -1?
-7
(-3 + 1 + -1 - -7) + -5
-1
5 - (0 + 0) - 2
3
Evaluate (-2 - (-2 + 0)) + 2.
2
What is -10 - (-7 - 0) - (-4 + 0)?
1
What is the value of -6 - (5 + -3 - 5)?
-3
Calculate -1 + 1 + 2 - (18 + -18).
2
Calculate 3 + (0 - 1) - (144 - 137).
-5
What is 0 + 9 + -1 + -232 + 214?
-10
(-4 - 1 - -6 - -2) + 3
6
Evaluate 4 - (2 + 2 + -3 + -7).
10
2 + 2 + (-8 - -5)
1
Evaluate -96 + 88 - (-4 - -1).
-5
What is the value of -5 - (0 + 0 + 6 + -7)?
-4
0 + (3 - -10 - 8)
5
What is the value of -1 - -2 - (7 - (-5 - -8))?
-3
Calculate -1 + -5 - (5 - (0 - -14)).
3
Evaluate 1 + (0 - (5 - 9)) + -3.
2
What is 2 - (-1 + -3 + 4) - 3?
-1
Evaluate -29 - -23 - (-11 + 0).
5
What is the value of -1 + 2 + (64 - 70)?
-5
Calculate (-1 - 1) + (-10 - -16).
4
What is the value of 13 + (-3 - -2) + -5?
7
What is the value of -2 + -4 - (-16 + 8)?
2
What is -3 - (3 + -12) - (1 - 0)?
5
(-14 - (-7 - 1)) + 0
-6
-23 + (24 - 7) - (0 - 10)
4
1 + 2 - (9 - 1) - -9
4
-3 + -6 + (2 - -3)
-4
What is the value of 5 + 1 + -7 + 11 + -2?
8
What is the value of -1 + 2 - (17 - 8 - 4)?
-4
Evaluate -11 - (3 + -2 + -17).
5
(-2 + 7 - -6) + -19
-8
(8 - (13 + -8)) + -6 + 0
-3
What is 35 + -31 + (-9 - -1) + 4?
0
Calculate 0 + 3 - (0 - -5).
-2
Calculate 0 - ((-3 - 1) + 2).
2
Evaluate 3 + 0 + 0 - (-2 + 1).
4
What is the value of 0 - (0 - -2 - 3)?
1
What is 11 - 7 - 2 - 8 - -1?
-5
What is the value of 4 - ((5 - 0) + -4 - -5)?
-2
Calculate -1 - (-2 + 7 - 9).
3
What is the value of -18 + 19 - (-1 - -3)?
-1
Evaluate 14 - (-12 + (16 - -8)).
2
Evaluate -2 - -1 - (-5 + -1 + 1).
4
What is the value of (-3 - 3) + (2 - (3 - 2))?
-5
Calculate 3 + 3 + -3 + (-5 - -1).
-1
-1 - 2 - (-7 - -5)
-1
What is the value of 3 + 0 + (-3 - (5 + -1))?
-4
What is 0 + (3 - (15 + -5))?
-7
What is the value of -3 - (-1 + -1 - (-21 - -24))?
2
Calculate (1 - 4) + -2 + (-2 - -8).
1
Evaluate (-2 + 3 - -7) + -4.
4
-49 + 55 + -2 + 3
7
Calculate -2 - (-3 + (4 - 4) + -2).
3
What is (-7 - -17) + -11 - -5?
4
What is the value of 7 + -4 + (0 + -1 - -2)?
4
5 + (-10 - (-3 - 0))
-2
Evaluate 8 + -3 - 11 - -3.
-3
(-9 - -6) + (1 - -1 - 2)
-3
-152 + 140 + 0 + 9
-3
What is 1 - 5 - -6 - (-2 + 2)?
2
Calculate 6 - ((-1 - 0) + 2 + 4).
1
3 + -1 + -2 + -1
-1
What is 6 - (11 + 7 + -7)?
-5
What is 6 + -5 + (1 - 5) - 0?
-3
What is -5 + -5 + (4 - 2 - -1)?
-7
What is the value of -3 - -2 - (1 + -1 + -1)?
0
Evaluate -1 + -1 + (-5 - -10).
3
6 - (-3 + (1 - 0))
8
Calculate (10 + -5 + 1 - 4) + -5.
-3
Evaluate -9 + -1 + -6 + 10.
-6
11 - 11 - (5 - (-1 - -2))
-4
Calculate -10 - -7 - (22 - 15).
-10
Evaluate -3 - (1 - -1 - 3).
-2
Calculate (-4 - -4) + -4 - (-10 + 4).
2
3 + -4 + 4 - (3 + 0)
0
Evaluate 1 + (-7 - (-8 - 3)).
5
Evaluate -16 - -7 - (-5 - (-1 + 0)).
-5
Evaluate -4 + 18 + -5 - 6.
3
-8 - (10 + -28) - 6
4
Evaluate 2 + (2 - 3) - (-3 + 1).
3
Evaluate 6 + (0 + 2 - 7).
1
-1 + (5 - (7 + 7))
-10
What is (-7 - (-9 - -10)) + 18 + -1?
9
Calculate -1 + -3 + 3 + 1 - -4.
4
-1 - (3 - 8) - 1 - 1
2
Calculate -4 + 15 - 4 - (-9 + 11).
5
What is the value of -7 - (-25 + 17 - (0 - 4))?
-3
What is the value of -3 + 1 - -3 - (-11 - -10)?
2
0 - -3 - 0 - -1 - 5
-1
Calculate -1 + (2 - 0 - (4 + -2)).
-1
What is -1 + 2 + 2 - (1 + -1)?
3
Calculate (0 - 6) + -4 + 3 + 9.
2
Calculate -3 - (-2 - -4 - 6 - -3).
-2
What is the value of -2 - (3 - 7 - -5 - 5)?
2
-1 + 7 - (1 - -2)
3
Calculate 2 + -4 + 19 + -23.
-6
(4 - 2) + -1 + 3
4
What is the value of 0 + 0 + 5 + (1 - 6)?
0
What is the value of -8 - -6 - (-1 - (-1 - -4))?
2
What is the value of (-4 + 0 - -8) + 4?
8
What is (-1 + -4 - -5) + 1 + -1?
0
Evaluate (-6 - -2) + (0 - -1 - 4).
-7
What is the value of -3 + (3 - -3) + -1?
2
Evaluate 1 - 5 - (3 + 2 + -6).
-3
(0 - 1 - 3) + 2 + -3
-5
Calculate 6 + -1 + (11 - 3) + -2.
11
2 + -4 + 0 + -1
-3
Calculate -1 + 2 + (6 + -2 - 4).
1
Evaluate -6 - -14 - (4 + -2 - 0).
6
-24 + 0 + 12 - -5
-7
What is 3 + -1 + (5 - 5)?
2
Calculate 0 + 3 + -4 + 2.
1
What is -6 + (5 - (0 - -2) - 1)?
-4
Evaluate 0 + 2 + 4 + -6 + 5.
5
Evaluate 2 + -1 - -6 - (3 + 0).
4
What is the value of 3 + -4 + 1 - -3?
3
Evaluate 10 + -11 - (1 + 0) - -6.
4
What is 4 - (6 + (7 + -9 - -3))?
-3
What is 3 - (3 - (-1 - -5))?
4
Calculate -8 - (-11 + 17) - -11.
-3
-7 - (4 + (-1 - 8))
-2
Calculate -5 + (-7 - -21) + -5.
4
What is 3 + (-4 - (-5 - -2)) - -3?
5
Calculate (0 - (-1 - 3) - 7) + -2.
-5
Calculate -7 + (4 - (-1 + -3 + 5)).
-4
Evaluate (4 - -2) + 8 + -7.
7
Calculate -5 + -3 + 3 + 9 + -2.
2
(14 - (-1 + (2 - -4))) + -6
3
Calculate 6 + (-8 - (0 - 5)).
3
What is 1 + -7 + 11 + 0?
5
Calculate 31 - (13 + 3) - (6 + 0).
9
What is -3 - -7 - 4 - -5?
5
-3 + 0 + (2 - -3) - 2
0
What is -22 + 26 + 2 + -11?
-5
Evaluate 6 + 0 - (-1 + 3 + -1).
5
What is the value of (-5 - 1) + 27 + -14?
7
Evaluate 14 + -4 - 1 - 6.
3
What is (-10 - (7 - 14)) + 5?
2
What is the value of -6 + 4 - -6 - 6?
-2
What is the value of -46 + 28 - (-16 - -2)?
-4
-3 + 4 + 2 + -4 + -3
-4
Calculate (0 - -5) + 3 + -3.
5
What is the value of -6 + -4 + (1 + 4 - 0)?
-5
Calculate 7 + 2 + 22 + -30.
1
What is the value of 9 + -1 - (121 - 108)?
-5
Evaluate 0 + 2 + (2 - 8).
-4
-20 + 18 - (-4 + 3)
-1
Evaluate (-3 + -5 - 0) + 15.
7
Evaluate -6 - 1 - 5 - -7 - -1.
-4
Evaluate 0 + (2 - (-2 + (-2 - -3))).
3
What is the value of (-3 - -1) + 3 - 0?
1
Evaluate (-7 - -6) + 5 - 0.
4
Calculate 4 + (0 - -1 - 2).
3
Calculate (-1 - 0) + (-3 + 1 - -4).
1
Calculate 1 + -8 - (99 - 104).
-2
Evaluate 8 - 10 - (3 - 1).
-4
Evaluate 4 + -1 + -8 - -5.
0
What is -9 + -3 + 7 + 14?
9
13 + (2 - -1) + -10
6
What is the value of 8 - (-3 + (7 - 3))?
7
What is the value of (-16 - -20) + 0 + -1?
3
Calculate 10 + -6 - ((3 - -8) + -3).
-4
What is the value of (-4 - (0 - (3 - 7))) + 5?
-3
Evaluate -1 - (1 + 0 + -5 + 1).
2
Evaluate 3 + (-8 + 4 - -2).
1
Calculate 0 + 2 + 5 + -8.
-1
Evaluate (1 - (-4 - -6)) + -7.
-8
What is the value of -2 - (3 + (-6 - -1 - 0))?
0
Calculate -8 + 6 + 0 + (1 - 0).
-1
What is (10 + -3 - (0 + 4)) + -9?
-6
What is the value of (-2 - (1 - 3)) + (3 - 4)?
-1
Evaluate 1 - (2 + 0 + -6).
5
Calculate -6 - -1 - (128 + -127).
-6
What is the value of -3 - (6 + (-8 - 2))?
1
What is -4 - (-2 - (0 + 4 - 4))?
-2
0 - 0 - (-8 - -3)
5
What is -1 + -3 + 1 + 1 + -1?
-3
Calculate (-3 - -4) + -4 - -1.
-2
What is 1 - (1 - (6 + -4))?
2
Evaluate (0 - 3) + (1 - -2) + 0.
0
What is -1 - (-3 + (-2 - -4))?
0
What is the value of -9 - -2 - (-19 + 4)?
8
What is the value of -3 + -7 + 19 + (-7 - -1)?
3
(4 - 14) + 3 - 0
-7
(0 - 0) + 5 + -3
2
-2 + (0 - -3) - (4 - 2)
-1
-11 + 2 + -3 + 7
-5
6 + -7 + 0 + 3
2
Evaluate (-1 - -1) + (6 - 1).
5
What is the value of 1 - (-2 - 1 - 1)?
5
What is the value of 17 - (-10 - (-24 - -2))?
5
3 + -5 + 5 + 0
3
What is (1 - 0) + 3 + -1 + 2?
5
0 + -1 + 0 + -2
-3
What is the value of -4 + 4 + (1 - 0)?
1
What is (-1 - 1) + -1 + -2 + 3?
-2
What is (-9 - (-5 - -6)) + 7?
-3
What is -6 - (0 + (-12 - -1))?
5
-4 + (2 - 1) + -2 + 0
-5
-1 + -3 + (4 - (0 - -1))
-1
Calculate 3 + (2 - 10) + 2 - -5.
2
What is 2 + 44 + -46 + 1 + 3?
4
What is the value of 1 - -1 - (3 + 1 - 6)?
4
30 + -32 - (0 - 0)
-2
What is the value of 4 - (-4 + 0 + 11)?
-3
Calculate 0 + 7 + 1 - 5.
3
9 - ((5 - -9) + -8)
3
10 + -16 + 0 + 1
-5
Calculate -3 + -2 + 1 + (5 - 8).
-7
Calculate -4 - (4 - 2 - 5).
-1
Calculate 11 + (-6 - 0) - 11.
-6
7 + (1 - (8 + -1)) + -7
-6
Calculate 14 + 0 + -7 + -12.
-5
-1 - (7 - (-2 + 5)) - -10
5
What is 14 + -13 - (1 - 1)?
1
Evaluate -3 - 9 - 1 - -6.
-7
What is 3 + -8 + 3 - 1?
-3
What is 13 + (6 - 10 - 7)?
2
What is 0 + -11 + (-14 + 27 - 6)?
-4
Calculate (-3 - (-2 + 5)) + 3.
-3
Calculate 0 + (1 - 5 - (-3 - -1)).
-2
Evaluate -6 - ((-1 - 1) + -3 + 2).
-3
Evaluate -2 + (2 + -3 - (-6 + -1)).
4
Calculate (-4 - -5) + -3 + 3 + -5.
-4
What is the value of 6 - 9 - (0 - 3)?
0
Calculate 3 - 4 - -3 - (8 - 0).
-6
Evaluate (-1 - (1 + -2)) + 7 + -11.
-4
What is 12 + (-10 - -10) - 21?
-9
What is the value of -18 + 26 + (-2 - -1 - 2)?
5
Evaluate 4 + -3 - (-9 + 0